is divided by (2/3)/(4/6)?
0
Calculate the remainder when 3 is divided by ((-64)/(-112))/((-2)/(-7)).
1
Let u = -36 + 61. What is the remainder when u is divided by 13?
12
Let p(s) = -s + 32. Let z be (-1)/(2 - 9/5). Let h = z - -44. Calculate the remainder when h is divided by p(12).
19
Let b be 175/30 - 2/(-12). Let y(j) = b + 3*j + 4*j + 4 + 7*j**2 - 1 + j**3. Calculate the remainder when y(-6) is divided by 2.
1
Let p = -7 - 1. Calculate the remainder when 6/p - (-858)/24 is divided by 9.
8
Let k = -46 + 82. Calculate the remainder when k is divided by 57/(-2)*2/(-3).
17
Let q be (-4)/(-18) + 710/45. Suppose 5*l + 0*i - q = 4*i, 0 = 3*i - 3. Calculate the remainder when 15 is divided by l.
3
Let l be 2/8 + 22/8. Let v = l + -1. Suppose 1 = 2*i - 1, -v*u + 3*i = -15. What is the remainder when 17 is divided by u?
8
Let s be 3/(-6)*(-4)/(-1). What is the remainder when 26 is divided by (-3)/s*(-7 - -13)?
8
Let s(h) = -1. Let i(k) = k + 4. Let j(o) = i(o) - 3*s(o). Calculate the remainder when 28 is divided by j(8).
13
Suppose -22 - 27 = -5*w + 3*q, 3*q = 6. Calculate the remainder when w is divided by 3.
2
Suppose -3*l + 8*l - 115 = 0. Calculate the remainder when 43 is divided by l.
20
Let j be (23 + 1)*3/9. Suppose 7 = 5*q - j. Calculate the remainder when 3 is divided by q.
0
Let u = 11 - 6. Let s = u + 3. Calculate the remainder when 13 is divided by s.
5
Let b be (-6)/10*(-1 + -4). Suppose -b*j = 2*j - 110. Calculate the remainder when j is divided by 8.
6
Let t be (395/(-15))/(2/(-6)). Let o = t + -32. Calculate the remainder when o is divided by 24.
23
Let b = 7 + 4. Suppose 2*y + 4*a + 4 = 0, 4*a = 4*y + a - 14. What is the remainder when ((-420)/(-50))/(y/10) is divided by b?
9
Let w(o) = 4*o - 7. Let g be w(5). Suppose m + 25 = 5*s + 6*m, 0 = s - m - g. Let u = 41 + -24. What is the remainder when u is divided by s?
8
What is the remainder when (135/(-20) - -3)/(1/(-24)) is divided by 23?
21
Let n be (-13 - -1)/(6/(-3)). What is the remainder when 2 is divided by (3*(-4)/n)/(-2)?
0
Let b be 41*1 + 3 + -2. Suppose -5*w + b = -3*w. What is the remainder when w is divided by 10 - (-1 - -2)/(-1)?
10
Suppose 164 = 4*a - 64. Calculate the remainder when a is divided by 15.
12
Suppose -d - 5 = 0, 0 = -2*a - 0*d - d + 231. What is the remainder when a is divided by 20?
18
What is the remainder when 131 is divided by -266*(-1)/4 + (-4)/(-8)?
64
What is the remainder when 51 is divided by -3*26/(-6) + 0?
12
Let a(r) = r**2 - 6*r + 4. Let x be a(5). Calculate the remainder when (318/3)/(-2)*x is divided by 14.
11
Suppose -7*m = -3*m - 12. Suppose -m*q + 2*h + 127 = 0, -210 = -5*q + 4*h + 1. What is the remainder when q is divided by 15?
13
Suppose 0*c + 16 = 2*c. Let k be (-1)/(2 - 14/c). Let t(s) = -s**3 - 4*s**2 - 3*s + 5. Calculate the remainder when t(k) is divided by 6.
5
Suppose -4*k + 85 = 5*l, 2*l - 3*k - 21 = -2*k. What is the remainder when 51 is divided by l?
12
Suppose -4*z + 11 = 3*o, 4*o - 13 + 3 = -3*z. Calculate the remainder when 21 is divided by ((-2)/4)/(z/(-44)).
10
Let o = 2 - 2. Let c(s) = -5*s - 2*s - 3 + o*s - 2*s. Calculate the remainder when 28 is divided by c(-2).
13
Let v(u) = 7*u - 15. Let i be v(10). Suppose i = 2*k - 7. What is the remainder when k is divided by 16?
15
Let f(c) = -c**2 + 1 + 0 - 5 + 8*c. Let k be f(7). Suppose 0 = -k*g + 2*g + 12. What is the remainder when g is divided by 7?
5
Suppose -2*w + 5*s = -5*w + 38, -4*w + 3*s + 41 = 0. Suppose -4*u = -1 - 3. What is the remainder when w is divided by -14*u/(-2) + -1?
5
Let r(d) = 6*d**2 + 2*d + 1. What is the remainder when r(2) is divided by 7?
1
Let t(j) = -9*j. What is the remainder when t(-3) is divided by 14?
13
Let f = 8 + -5. Suppose -f*n = -n - 6. Calculate the remainder when n is divided by 3.
0
Let y(p) = 24*p + 2. Let f be y(2). Suppose 0*a = 3*g + 5*a - f, 5*a + 90 = 4*g. Suppose 127 - 11 = 2*q. Calculate the remainder when q is divided by g.
18
Let s(j) be the first derivative of -j**3/3 + 5*j**2 - 7*j + 1. Let k be s(9). Calculate the remainder when (k + 0)/(4/50) is divided by 13.
12
Let a(f) = -f**3 + 8*f**2 - 8*f + 5. Let q(j) = -j**3 + 7*j**2 + 8*j + 5. Let c be q(8). What is the remainder when a(c) is divided by 11?
7
Let j = -23 - -15. Calculate the remainder when 2*j*4/(-4) is divided by 6.
4
Let i = -118 - -126. What is the remainder when 38 is divided by i?
6
Let x(g) = 2*g - 4. Suppose j - 1 = 1. Suppose 5*v - 5 = -j*a + 37, 0 = -3*a - 12. Calculate the remainder when v is divided by x(4).
2
Suppose l = 6*l - 15. Suppose 43 = -4*o + z - 33, -2*o + z = 40. Let a = 27 + o. What is the remainder when a is divided by l?
0
Suppose 95 - 139 = -4*a. Let u = -2 - -6. Calculate the remainder when a is divided by u.
3
Suppose -396 = -4*m + 5*o, 342 = 4*m - o - 38. What is the remainder when m is divided by 32?
30
Suppose 0 = -5*h + 24 + 41. Let y = 67 - 42. What is the remainder when y is divided by h?
12
Suppose -412 = -4*z - 5*w - 34, 0 = -2*z - 3*w + 188. What is the remainder when z is divided by 25?
22
Suppose 380 = 5*y + 40. What is the remainder when y is divided by 18?
14
Suppose 4*u + 3*z - 144 = 0, z + 3*z = -4*u + 148. Suppose -5*w + 146 = 56. What is the remainder when u is divided by w?
15
Let g(a) be the third derivative of a**6/120 + 17*a**5/60 + 3*a**4/8 - 11*a**3/3 - 4*a**2. Calculate the remainder when g(-16) is divided by 23.
21
Let g = -68 + 110. Calculate the remainder when 209 is divided by g.
41
Let p = 15 + -14. Suppose j + 1 = 2*z, -z - 3*j = -2*j - 5. Calculate the remainder when z is divided by p.
0
Let s(i) = -3*i - 9. Let g(d) = d + 3. Let v(q) = -8*g(q) - 3*s(q). Let c be v(-3). Calculate the remainder when 11 is divided by 3/(c + 3/4).
3
Suppose -30 - 96 = -7*o. What is the remainder when o is divided by 10?
8
Let z(x) = -2*x + 1. What is the remainder when 2 is divided by z(0)?
0
Let j(q) be the first derivative of q**2 - 3*q + 2. Calculate the remainder when -18*(2 - (-10)/(-4)) is divided by j(4).
4
Let y(s) = -7 + 5*s + 5*s**2 - 3*s**2 - 3*s + s**3 + 5*s**2. Calculate the remainder when y(-6) is divided by 6.
5
Suppose -5*y + 3*y - 4*z = 12, 5*y - 25 = z. Suppose o - 26 = -o + a, y*o + 5*a - 66 = 0. Calculate the remainder when 39 is divided by o.
11
Suppose 0 = -5*l + 56 - 1. Let d(k) = -k**3 + 2*k**2 + k + 1. What is the remainder when d(-3) is divided by l?
10
Suppose m - 17 = -2*m + 2*q, -3*m - 2*q + 25 = 0. Suppose 2*t + 1 = -m, -4*v - 12 = -4*t. Let x = 4 - v. What is the remainder when 21 is divided by x?
10
Let a(h) = h**2 + 9*h - 24. Let s = 11 + -23. What is the remainder when 33 is divided by a(s)?
9
Suppose 5*l - 26 - 24 = 0. Let g = 21 - 9. What is the remainder when 6/g + (-74)/(-4) is divided by l?
9
Let k = 21 - 9. Calculate the remainder when 34 is divided by k.
10
Suppose 279 = 6*c + 3*c. Calculate the remainder when 121 is divided by c.
28
Let g be 69/21 + (-2)/7. Suppose 32 = 4*q - g*q. What is the remainder when q is divided by 17?
15
Let z(w) = -8*w**2 - 1. Let b be z(-1). Let t(l) = -15*l - 21. Calculate the remainder when t(b) is divided by 39.
36
Let o be 5 - 3/((-12)/(-8)). Suppose -w - o*w = -112. Calculate the remainder when 53 is divided by w.
25
Suppose -d + 4 = 3*o - 0*d, -3*o + 19 = -2*d. Suppose 3*h = -o, 5*h + 48 = v - 9. Suppose -5*y - 7 = -v. What is the remainder when 26 is divided by y?
8
Let n be 18/8 - (-7)/(-28). What is the remainder when 4*n*(-1)/(-8) is divided by 1?
0
Let p = 1 + -3. Let c(h) = -2*h**3 - 3*h**2 - 2*h - 3. Let g be c(p). Suppose -3*s = -g*m + 2*m - 27, 3*m = 0. What is the remainder when s is divided by 5?
4
Calculate the remainder when (33 - (2 + -1)) + 2 is divided by (-48)/(-3) + -2 - -4.
16
Let b = 25 + 3. Let m = 2 + -3. Let y(w) = 14*w**2 + 1. What is the remainder when b is divided by y(m)?
13
Let o(x) = x - 7. Let j be o(6). Let k(z) = -5*z - 1. Let t be k(j). Suppose 0 = t*s + s - 65. What is the remainder when 25 is divided by s?
12
Suppose 3*f + d = 26, 3*f = 2*d + 24 + 5. What is the remainder when 30 is divided by f?
3
Let v(p) = -10*p**3 + 6*p**2 + p + 8. Let g(j) = -11*j**3 + 5*j**2 + j + 7. Let b(s) = 7*g(s) - 6*v(s). Calculate the remainder when b(-1) is divided by 9.
7
What is the remainder when 111 is divided by 2/(-3) 